q - 12. Is a prime?
False
Let i be (-3 + (0 + -3)/(-6))*6. Is 5*(-3)/i - -670 prime?
False
Suppose 0 = 13*m + 74120 + 40384. Let n = m - -12670. Is n composite?
True
Is (-1)/((4 - 1)*(-2)/57198) prime?
True
Let y = 176 - 173. Is y a prime number?
True
Let i = 328 + -540. Let s be i/4*(-21 + 0). Is ((-8)/28)/((-3)/s) a prime number?
False
Let b = -792 + 2303. Is b a prime number?
True
Let p be 2723*(10/7 + 0). Suppose 0 = -4*o + 2*o + p. Is o a prime number?
False
Suppose 2*f = 3*p + 86152, -5*p - 67889 = -2*f + 18267. Is f composite?
True
Let r = -13413 + 33806. Is r composite?
False
Suppose -5*m - 3*z = -75786 - 49279, 4*z = 3*m - 75039. Is m composite?
False
Suppose 3*n + 1797 = -531. Let a be n/(-26) + 8/52. Suppose h + 5*d - 326 + a = 0, 0 = -4*h + 2*d + 1206. Is h a composite number?
True
Let t = -4800 + 11923. Is t prime?
False
Suppose 2*k = -3*u + 2767, 4*k - 2139 = -4*u + 1553. Is u a prime number?
False
Let u(s) = 13*s**2 - 7. Let l(z) = 14*z**2 - z - 7. Let h(t) = -2*l(t) + 3*u(t). Is h(-4) a composite number?
True
Suppose 0 = -5*t + 2*u + 22841, -24*t + 2*u + 18274 = -20*t. Is t composite?
False
Suppose 4*u = 9*u - 9865. Is u composite?
False
Suppose -19*j + 18654 + 156811 = 0. Is j a prime number?
False
Let d = -652 + -309. Let l(p) = 113*p + 44. Let n be l(18). Let i = n + d. Is i composite?
False
Is (-15)/12 + 1 - (-181167)/12 a composite number?
True
Let t = 2002 + -425. Is t composite?
True
Let i = 49 + -79. Suppose -4*p - 3*t + 269 = -0, -2*t - 2 = 0. Let v = i + p. Is v composite?
True
Suppose 2*n = -4*t + 1004, 2*t = 5*n + 7*t - 2495. Let m be ((-4)/(-8))/(1/n). Suppose 2*y = -5*q + 605, q - 2*y + m = 3*q. Is q composite?
True
Let w(s) = 7*s**2 + 10*s - 4. Let v be w(9). Suppose -2*g + v = 5*i, 2*i + 349 = -0*g + g. Is g prime?
False
Let d = 28171 + -992. Is d prime?
True
Let y(r) = 143*r - 109. Is y(16) a prime number?
True
Let t = 3023 - 280. Is t a prime number?
False
Let f(u) = -u**3 - 5*u**2 + u + 7. Let y be f(-5). Let l(h) = -h**2 + 3*h + 1. Let o be l(y). Is 1/o + (-562)/(-6) prime?
False
Let l(f) = f**2 - f + 333. Suppose 0 = -0*u + 5*u. Let n be l(u). Is (-2 - -4) + n/1 a composite number?
True
Let j(n) = n**3 - 2*n. Let k(f) = f + 1. Let c be k(-1). Let o be j(c). Suppose -2*x - 2*b + 0*b + 28 = o, -b + 33 = 2*x. Is x prime?
True
Let h(s) = -s**3 + s**2 - 15*s - 4. Let o(z) = z**3 - 2*z**2 + 16*z + 5. Let v(n) = 2*h(n) + 3*o(n). Is v(10) prime?
True
Suppose 1299 - 289 = 5*m. Suppose -u + 115 = -m. Is u a composite number?
False
Suppose -5*o + 384 = -1671. Is o composite?
True
Let g be -4*5/((-20)/(-8)). Let j be ((-1)/(-4))/((-1)/g). Suppose -j*a - 62 = -4*a. Is a prime?
True
Suppose 18550 = -11*v + 73517. Is v a composite number?
True
Let k be 20/5 + 2654 - 4. Suppose -9*p + 4267 = -k. Is p a composite number?
False
Is 12/(-6) - -3 - -3556 a prime number?
True
Suppose l - 5*d + 0*d = 8637, -4*d = 2*l - 17330. Is l a prime number?
False
Let w be 6 + -1 + -5 + 2. Suppose 5*k - w = 13. Suppose -5*r - 3167 = -4*u, -u = 3*u + k*r - 3175. Is u a prime number?
False
Suppose -191*j - 1757 = -198*j. Is j a composite number?
False
Let w(c) = c**3 - 3*c**2 - 6*c - 2. Let k be w(7). Suppose 5*j + k = -83. Let f = 96 + j. Is f a composite number?
True
Suppose 4*v - 20 = -5*i, -3*v - 3*i = i - 15. Suppose 4713 = v*t + 398. Is t composite?
False
Let i(o) be the third derivative of -o**6/120 - 11*o**5/60 - o**4/2 - o**3/6 + 2*o**2. Suppose u + 15 = 2*r, -24 = 2*u + 3*r - 4*r. Is i(u) a prime number?
True
Is (-1)/(14080/(-2815) + 5) + 0 prime?
True
Let p(b) = b**3 + 7*b**2 + 8*b + 10. Let k be p(-4). Suppose -20 = 3*g - k. Suppose -g*t - 2*t + r = -1025, r + 768 = 3*t. Is t a composite number?
False
Let l(s) = 36*s**2 - 4*s - 11. Let n be l(7). Suppose 0 = x + 3*g - 232, -5*x = 3*g - n + 553. Is x prime?
False
Suppose -135 = 2*t + 3*v, 0 = -t - 4*t - 2*v - 354. Let q = t + 149. Suppose q + 40 = 3*z. Is z a composite number?
True
Let h(d) = 1211*d + 81. Is h(2) a prime number?
True
Let l = 36564 - 12095. Is l prime?
True
Let k(h) = -h**2 - 14*h - 15. Let b be k(-13). Let w(p) = -p**2 + 2. Let l be w(b). Is -14*l*85/20 composite?
True
Suppose 2544 = -62*b + 58*b. Is ((-1)/(4/b))/1 prime?
False
Let k(z) be the third derivative of z**5/12 - 7*z**4/24 - 17*z**3/6 + 34*z**2. Is k(15) a prime number?
False
Let u(c) = 15*c - 3*c**3 - 39*c + 4*c**3 + 8 + 16*c**2 + 0*c**3. Is u(-17) a prime number?
True
Let l be 643 + (1 - (-4 - -8)). Suppose -3*c + 1285 = 4*k, 0 = 5*c - 4*k - l - 1491. Is c composite?
True
Let l(q) = -3*q - 17. Let c be l(-8). Suppose -12*d + 15 = -c*d. Let r(n) = 6*n**3 - 2*n**2 - 2*n - 7. Is r(d) a composite number?
False
Let r be ((-8)/(-8))/((-1)/(-2)). Let x be (-3)/(r - 1) - -123. Let k = 319 - x. Is k a prime number?
True
Let c = -262 + -29. Let l = 88 - c. Is l a composite number?
False
Let x(b) = 5*b**2 + 4*b. Let r be x(-7). Suppose -4*k = 3*a - 521, -3*a - r = -5*k - 774. Is a a prime number?
True
Is 6535 + (24/42)/(2/7) a prime number?
False
Suppose -91*b + 111794 = -225543. Is b a prime number?
False
Suppose 2*d = -0*y + 2*y + 4356, 2*d - 4353 = 5*y. Is d prime?
True
Is -43424*21/(-98) + (-2)/14 a composite number?
True
Is 162/405 + (-20903)/(-5) composite?
True
Suppose 78*f = -2687 + 15089. Suppose 5*b - 4*a = 2*b + 131, 0 = 3*b - 3*a - 135. Suppose -f + b = -5*u. Is u a prime number?
False
Let j(n) = n**3 + 32*n**2 - 17*n - 21. Is j(-18) a composite number?
True
Let f(t) = 574*t + 11. Suppose 3*x - 4*q + 2*q = 15, 5*q + 15 = 0. Is f(x) a prime number?
True
Let x(a) = -3*a**2 - 13*a - 4. Let l be x(-6). Is (2 + 0)*l/(-2) prime?
False
Let a = 134285 - 40524. Is a prime?
True
Suppose 4*k = -4*b + 7812, 2*k - 3*b - 820 - 3076 = 0. Is k prime?
True
Let l(b) = b**3 - 12*b**2 - 12*b - 1. Let i be l(14). Suppose -w = -i - 156. Is w a composite number?
False
Suppose -3 = -l, 3*b - 12336 = -0*l - l. Is b a composite number?
False
Suppose 5*a - 3 = -3. Suppose a = -2*t + 4407 - 1409. Is t composite?
False
Let n(t) = -t**3 - 9*t**2 + 11*t + 14. Let u be n(-10). Suppose 1419 = u*i - 1825. Suppose -808 = -p + v, p + v + v = i. Is p composite?
False
Suppose -4696 = -3*u + 5675. Is u composite?
False
Suppose -5*x = 1706 + 204. Let l = x + 716. Is l prime?
False
Suppose -4*a - 22141 = -3*m, -2*a - 9926 = -3*m + 12213. Is m composite?
True
Is (7 + 24/(-4))/(2/2326) a composite number?
False
Is (129/1)/((-159)/(-10441)) a composite number?
True
Let o = 62 + -65. Is (1/(-3))/(o/4635) prime?
False
Let m = -30916 - -56003. Is m a prime number?
True
Let p = 7166 + -255. Is p prime?
True
Let m be (3/6)/(((-3)/1)/(-12)). Suppose 3*q - 2309 - 2388 = -4*p, 3134 = m*q + 4*p. Is q composite?
True
Let x(p) = 8 - 14 + 13 + 7*p + 2*p**2. Is x(-8) a composite number?
False
Let p(b) = b**3 + 2*b**2 - 5*b - 1. Let f be p(-5). Let r = 285 - 8. Let g = r + f. Is g prime?
False
Let d(x) = -328*x + 1. Let l = -8 + 7. Is d(l) composite?
True
Let b = 6 + -4. Let w be (-1 - 5751/(-15)) + (-2)/5. Suppose b*d + 0*d = w. Is d prime?
True
Let s(y) = -14 - y**3 + 34*y + 10*y**2 - 8 + 27*y - 65*y. Is s(7) composite?
False
Suppose -u - 4*u - 20 = -5*g, -3*u - g - 20 = 0. Let t be 6 - (-3)/(u/8). Is t - (3 - 5) - -90 prime?
False
Let d be 5064/22 + 6/(-33). Let c = d - -49. Let v = c + -92. Is v composite?
True
Let p(y) = 6*y + 1. Let l be p(2). Let r be 2 + 0 + l + -6. Is (-6)/r - 312/(-9) prime?
False
Let c = 10963 - 5889. Suppose -785 - c = -3*d. Let m = d - 1342. Is m a composite number?
True
Suppose -i - 2964 = -4*i. Let d be ((-1114)/14)/(34/(-238)). Let g = i - d. Is g prime?
True
Suppose z - g - 549 = -3*g, 5*z - 3*g = 2693. Let c = 430 + z. Is c composite?
False
Let q = -183 - 1806. Let o = q + 3170. Is o prime?
True
Suppose 5*c - 4*d - 16123 = 0, -2*c - 161 = 2*d - 6603. Is c a prime number?
False
Let f = -9 + 11. Suppose j - n = 0, -3*j + 3*n = j - f. Suppose 4*a + a - 514 = -3*d, d = j*a + 153. Is d a prime number?
True
Is (-715420)/15*(-30)/40 a composite number?
False
Is (-7186)/(-3)*(-2 - (1 - 6)) prime?
False
Suppose 9 = -2*r + 5*r. Suppose 4*z + 325 = 3*y, r*z - 6 - 9 = 0. Is y prime?
False
Suppose 3*k = -5*r + 7*k - 70, 0 = r - 3*k + 3. Let x be 12/r - 3784/(-6). Suppose -2*h - 3*f = f - x, 4*f + 1589 = 5*h. Is h composite?
False
Sup